{"id":108,"date":"2020-10-20T13:11:20","date_gmt":"2020-10-20T11:11:20","guid":{"rendered":"http:\/\/lexterna.ch\/staging.188-40-220-165.somepage.ch\/?page_id=108"},"modified":"2025-10-28T14:04:25","modified_gmt":"2025-10-28T13:04:25","slug":"kontakt","status":"publish","type":"page","link":"https:\/\/www.lexterna.ch\/staging\/kontakt\/","title":{"rendered":"Kontakt"},"content":{"rendered":"\t\t<div data-elementor-type=\"wp-page\" data-elementor-id=\"108\" class=\"elementor elementor-108\" data-elementor-post-type=\"page\">\n\t\t\t\t\t\t<section class=\"elementor-section elementor-top-section elementor-element elementor-element-4992820 elementor-section-boxed elementor-section-height-default elementor-section-height-default\" data-id=\"4992820\" data-element_type=\"section\">\n\t\t\t\t\t\t<div class=\"elementor-container elementor-column-gap-default\">\n\t\t\t\t\t<div class=\"elementor-column elementor-col-100 elementor-top-column elementor-element elementor-element-cd0b3e6\" data-id=\"cd0b3e6\" data-element_type=\"column\">\n\t\t\t<div class=\"elementor-widget-wrap elementor-element-populated\">\n\t\t\t\t\t\t<div class=\"elementor-element elementor-element-1ca37fff elementor-widget elementor-widget-text-editor\" data-id=\"1ca37fff\" data-element_type=\"widget\" data-widget_type=\"text-editor.default\">\n\t\t\t\t<div class=\"elementor-widget-container\">\n\t\t\t\t\t\t\t\t\t<p>Wir befinden uns inmitten der Basler KMUs im <a href=\"http:\/\/www.dreispitz.ch\/\">Wirtschaftspark Dreispitz<\/a>.\u00a0Sie erreichen unsere B\u00fcros wie folgt:<\/p>\t\t\t\t\t\t\t\t<\/div>\n\t\t\t\t<\/div>\n\t\t\t\t\t<\/div>\n\t\t<\/div>\n\t\t\t\t\t<\/div>\n\t\t<\/section>\n\t\t\t\t<section class=\"elementor-section elementor-top-section elementor-element elementor-element-46a138cd elementor-section-boxed elementor-section-height-default elementor-section-height-default\" data-id=\"46a138cd\" data-element_type=\"section\">\n\t\t\t\t\t\t<div class=\"elementor-container elementor-column-gap-default\">\n\t\t\t\t\t<div class=\"elementor-column elementor-col-50 elementor-top-column elementor-element elementor-element-4a548ce2\" data-id=\"4a548ce2\" data-element_type=\"column\">\n\t\t\t<div class=\"elementor-widget-wrap elementor-element-populated\">\n\t\t\t\t\t\t<div class=\"elementor-element elementor-element-71742843 elementor-widget elementor-widget-text-editor\" data-id=\"71742843\" data-element_type=\"widget\" data-widget_type=\"text-editor.default\">\n\t\t\t\t<div class=\"elementor-widget-container\">\n\t\t\t\t\t\t\t\t\t<p><strong>Zu Fuss \/ \u00d6ffentliche Verkehrsmittel<\/strong><\/p><p>Unsere R\u00e4umlichkeiten befinden sich in der N\u00e4he der Haltestelle Dreispitz (Tram 10 und 11, Bus 36) bzw. dem Bahnhof Dreispitz. Von da aus ben\u00f6tigen Sie nur wenige Gehminuten bis Sie bei uns sind (ca. 6 min. ab Haltestelle Dreispitz, ca. 10 min. ab Bahnhof Dreispitz;\u00a0<a href=\"http:\/\/map.geo.bs.ch\/s\/ZW5g\" target=\"_blank\" rel=\"noopener noreferrer\">\u00d6V-Karte<\/a>).<\/p>\t\t\t\t\t\t\t\t<\/div>\n\t\t\t\t<\/div>\n\t\t\t\t<div class=\"elementor-element elementor-element-5c06518e elementor-widget elementor-widget-google_maps\" data-id=\"5c06518e\" data-element_type=\"widget\" data-widget_type=\"google_maps.default\">\n\t\t\t\t<div class=\"elementor-widget-container\">\n\t\t\t\t\t\t\t<div class=\"elementor-custom-embed\">\n\t\t\t<iframe loading=\"lazy\"\n\t\t\t\t\tsrc=\"https:\/\/maps.google.com\/maps?q=Lexterna%20AG&#038;t=m&#038;z=16&#038;output=embed&#038;iwloc=near\"\n\t\t\t\t\ttitle=\"Lexterna AG\"\n\t\t\t\t\taria-label=\"Lexterna AG\"\n\t\t\t><\/iframe>\n\t\t<\/div>\n\t\t\t\t\t\t<\/div>\n\t\t\t\t<\/div>\n\t\t\t\t\t<\/div>\n\t\t<\/div>\n\t\t\t\t<div class=\"elementor-column elementor-col-50 elementor-top-column elementor-element elementor-element-174ec37e\" data-id=\"174ec37e\" data-element_type=\"column\">\n\t\t\t<div class=\"elementor-widget-wrap elementor-element-populated\">\n\t\t\t\t\t\t<div class=\"elementor-element elementor-element-879a36b elementor-widget elementor-widget-text-editor\" data-id=\"879a36b\" data-element_type=\"widget\" data-widget_type=\"text-editor.default\">\n\t\t\t\t<div class=\"elementor-widget-container\">\n\t\t\t\t\t\t\t\t\t<p><b>Auto<\/b><\/p><p>Wir verf\u00fcgen \u00fcber <u>eigene gekennzeichnete Kundenparkpl\u00e4tze <\/u>unmittelbar neben der Liegenschaft an der Frankfurt-Strasse 14.<\/p>\t\t\t\t\t\t\t\t<\/div>\n\t\t\t\t<\/div>\n\t\t\t\t<div class=\"elementor-element elementor-element-b58cac2 elementor-widget elementor-widget-image\" data-id=\"b58cac2\" data-element_type=\"widget\" data-widget_type=\"image.default\">\n\t\t\t\t<div class=\"elementor-widget-container\">\n\t\t\t\t\t\t\t\t\t\t\t\t\t\t\t<img fetchpriority=\"high\" decoding=\"async\" width=\"854\" height=\"600\" src=\"https:\/\/www.lexterna.ch\/staging\/wp-content\/uploads\/2025\/02\/LEXTERNA-AG-Situation-PP-gross-beschriftet-e1740395962519.jpg\" class=\"attachment-large size-large wp-image-4973\" alt=\"\" srcset=\"https:\/\/www.lexterna.ch\/staging\/wp-content\/uploads\/2025\/02\/LEXTERNA-AG-Situation-PP-gross-beschriftet-e1740395962519.jpg 854w, https:\/\/www.lexterna.ch\/staging\/wp-content\/uploads\/2025\/02\/LEXTERNA-AG-Situation-PP-gross-beschriftet-e1740395962519-300x211.jpg 300w, https:\/\/www.lexterna.ch\/staging\/wp-content\/uploads\/2025\/02\/LEXTERNA-AG-Situation-PP-gross-beschriftet-e1740395962519-768x540.jpg 768w, https:\/\/www.lexterna.ch\/staging\/wp-content\/uploads\/2025\/02\/LEXTERNA-AG-Situation-PP-gross-beschriftet-e1740395962519-555x390.jpg 555w, https:\/\/www.lexterna.ch\/staging\/wp-content\/uploads\/2025\/02\/LEXTERNA-AG-Situation-PP-gross-beschriftet-e1740395962519-114x80.jpg 114w\" sizes=\"(max-width: 854px) 100vw, 854px\" \/>\t\t\t\t\t\t\t\t\t\t\t\t\t\t\t<\/div>\n\t\t\t\t<\/div>\n\t\t\t\t<div class=\"elementor-element elementor-element-f32833f elementor-widget elementor-widget-text-editor\" data-id=\"f32833f\" data-element_type=\"widget\" data-widget_type=\"text-editor.default\">\n\t\t\t\t<div class=\"elementor-widget-container\">\n\t\t\t\t\t\t\t\t\t<p>Es besteht ebenfalls die M\u00f6glichkeit in einer der nachfolgenden Parkh\u00e4user, die sich in unmittelbarer N\u00e4he von uns befinden, zu parkieren:<\/p><ul type=\"disc\"><li>Parkhaus Leimgrube (Leimgrubenweg 13, Kapazit\u00e4t: 280 Pl\u00e4tze)<\/li><li>Parkhaus Ruchfeld (Frankfurt-Strasse 37, Kapazit\u00e4t: 438 Pl\u00e4tze)<\/li><\/ul>\t\t\t\t\t\t\t\t<\/div>\n\t\t\t\t<\/div>\n\t\t\t\t\t<\/div>\n\t\t<\/div>\n\t\t\t\t\t<\/div>\n\t\t<\/section>\n\t\t\t\t<section class=\"elementor-section elementor-top-section elementor-element elementor-element-379ddc07 elementor-section-boxed elementor-section-height-default elementor-section-height-default\" data-id=\"379ddc07\" data-element_type=\"section\">\n\t\t\t\t\t\t<div class=\"elementor-container elementor-column-gap-default\">\n\t\t\t\t\t<div class=\"elementor-column elementor-col-100 elementor-top-column elementor-element elementor-element-6ae2a469\" data-id=\"6ae2a469\" data-element_type=\"column\">\n\t\t\t<div class=\"elementor-widget-wrap elementor-element-populated\">\n\t\t\t\t\t\t<div class=\"elementor-element elementor-element-43fb15e5 elementor-widget-divider--view-line elementor-widget elementor-widget-divider\" data-id=\"43fb15e5\" data-element_type=\"widget\" data-widget_type=\"divider.default\">\n\t\t\t\t<div class=\"elementor-widget-container\">\n\t\t\t\t\t\t\t<div class=\"elementor-divider\">\n\t\t\t<span class=\"elementor-divider-separator\">\n\t\t\t\t\t\t<\/span>\n\t\t<\/div>\n\t\t\t\t\t\t<\/div>\n\t\t\t\t<\/div>\n\t\t\t\t\t<\/div>\n\t\t<\/div>\n\t\t\t\t\t<\/div>\n\t\t<\/section>\n\t\t\t\t<section class=\"elementor-section elementor-top-section elementor-element elementor-element-249857a7 elementor-section-boxed elementor-section-height-default elementor-section-height-default\" data-id=\"249857a7\" data-element_type=\"section\">\n\t\t\t\t\t\t<div class=\"elementor-container elementor-column-gap-default\">\n\t\t\t\t\t<div class=\"elementor-column elementor-col-33 elementor-top-column elementor-element elementor-element-a951122\" data-id=\"a951122\" data-element_type=\"column\">\n\t\t\t<div class=\"elementor-widget-wrap elementor-element-populated\">\n\t\t\t\t\t\t<div class=\"elementor-element elementor-element-6965f1f6 elementor-widget elementor-widget-image\" data-id=\"6965f1f6\" data-element_type=\"widget\" data-widget_type=\"image.default\">\n\t\t\t\t<div class=\"elementor-widget-container\">\n\t\t\t\t\t\t\t\t\t\t\t\t\t\t\t<img decoding=\"async\" width=\"1024\" height=\"683\" src=\"https:\/\/www.lexterna.ch\/staging\/wp-content\/uploads\/2022\/09\/foto-werk_20181005_0354-1024x683.jpg\" class=\"attachment-large size-large wp-image-3011\" alt=\"\" srcset=\"https:\/\/www.lexterna.ch\/staging\/wp-content\/uploads\/2022\/09\/foto-werk_20181005_0354-1024x683.jpg 1024w, https:\/\/www.lexterna.ch\/staging\/wp-content\/uploads\/2022\/09\/foto-werk_20181005_0354-300x200.jpg 300w, https:\/\/www.lexterna.ch\/staging\/wp-content\/uploads\/2022\/09\/foto-werk_20181005_0354-768x512.jpg 768w, https:\/\/www.lexterna.ch\/staging\/wp-content\/uploads\/2022\/09\/foto-werk_20181005_0354-1536x1024.jpg 1536w, https:\/\/www.lexterna.ch\/staging\/wp-content\/uploads\/2022\/09\/foto-werk_20181005_0354-850x567.jpg 850w, https:\/\/www.lexterna.ch\/staging\/wp-content\/uploads\/2022\/09\/foto-werk_20181005_0354-555x370.jpg 555w, https:\/\/www.lexterna.ch\/staging\/wp-content\/uploads\/2022\/09\/foto-werk_20181005_0354-120x80.jpg 120w, https:\/\/www.lexterna.ch\/staging\/wp-content\/uploads\/2022\/09\/foto-werk_20181005_0354.jpg 1920w\" sizes=\"(max-width: 1024px) 100vw, 1024px\" \/>\t\t\t\t\t\t\t\t\t\t\t\t\t\t\t<\/div>\n\t\t\t\t<\/div>\n\t\t\t\t<div class=\"elementor-element elementor-element-41701fb1 elementor-widget elementor-widget-text-editor\" data-id=\"41701fb1\" data-element_type=\"widget\" data-widget_type=\"text-editor.default\">\n\t\t\t\t<div class=\"elementor-widget-container\">\n\t\t\t\t\t\t\t\t\t<h2>LEXTERNA AG<\/h2><p>Frankfurt-Strasse 14<br \/>4053 Basel<\/p><p><i class=\"fa fa-phone\" aria-hidden=\"true\"><\/i>\u00a0+41 61 332 20 00<\/p><p><i class=\"fa fa-envelope\" aria-hidden=\"true\"><\/i>\u00a0<a href=\"mailto:info@lexterna.ch\">info@lexterna.ch<\/a><\/p>\t\t\t\t\t\t\t\t<\/div>\n\t\t\t\t<\/div>\n\t\t\t\t\t<\/div>\n\t\t<\/div>\n\t\t\t\t<div class=\"elementor-column elementor-col-66 elementor-top-column elementor-element elementor-element-6bc1413c\" data-id=\"6bc1413c\" data-element_type=\"column\">\n\t\t\t<div class=\"elementor-widget-wrap elementor-element-populated\">\n\t\t\t\t\t\t<div class=\"elementor-element elementor-element-1884e1c elementor-button-align-start kontaktformular elementor-widget elementor-widget-form\" data-id=\"1884e1c\" data-element_type=\"widget\" data-settings=\"{&quot;step_next_label&quot;:&quot;N\\u00e4chster&quot;,&quot;step_previous_label&quot;:&quot;Voriger&quot;,&quot;button_width&quot;:&quot;100&quot;,&quot;step_type&quot;:&quot;number_text&quot;,&quot;step_icon_shape&quot;:&quot;circle&quot;}\" data-widget_type=\"form.default\">\n\t\t\t\t<div class=\"elementor-widget-container\">\n\t\t\t\t\t\t\t<form class=\"elementor-form\" method=\"post\" name=\"Kontaktformular\" aria-label=\"Kontaktformular\">\n\t\t\t<input type=\"hidden\" name=\"post_id\" value=\"108\"\/>\n\t\t\t<input type=\"hidden\" name=\"form_id\" value=\"1884e1c\"\/>\n\t\t\t<input type=\"hidden\" name=\"referer_title\" value=\"Kontakt - LEXTERNA AG\" \/>\n\n\t\t\t\t\t\t\t<input type=\"hidden\" name=\"queried_id\" value=\"108\"\/>\n\t\t\t\n\t\t\t<div class=\"elementor-form-fields-wrapper elementor-labels-above\">\n\t\t\t\t\t\t\t\t<div class=\"elementor-field-type-text elementor-field-group elementor-column elementor-field-group-kontakt_name elementor-col-100\">\n\t\t\t\t\t\t\t\t\t\t\t\t<label for=\"form-field-kontakt_name\" class=\"elementor-field-label\">\n\t\t\t\t\t\t\t\tIhr Name\t\t\t\t\t\t\t<\/label>\n\t\t\t\t\t\t\t\t\t\t\t\t\t\t<input size=\"1\" type=\"text\" name=\"form_fields[kontakt_name]\" id=\"form-field-kontakt_name\" class=\"elementor-field elementor-size-sm  elementor-field-textual\">\n\t\t\t\t\t\t\t\t\t\t\t<\/div>\n\t\t\t\t\t\t\t\t<div class=\"elementor-field-type-email elementor-field-group elementor-column elementor-field-group-kontakt_email elementor-col-100 elementor-field-required\">\n\t\t\t\t\t\t\t\t\t\t\t\t<label for=\"form-field-kontakt_email\" class=\"elementor-field-label\">\n\t\t\t\t\t\t\t\tIhre E-Mail-Adresse\t\t\t\t\t\t\t<\/label>\n\t\t\t\t\t\t\t\t\t\t\t\t\t\t<input size=\"1\" type=\"email\" name=\"form_fields[kontakt_email]\" id=\"form-field-kontakt_email\" class=\"elementor-field elementor-size-sm  elementor-field-textual\" required=\"required\">\n\t\t\t\t\t\t\t\t\t\t\t<\/div>\n\t\t\t\t\t\t\t\t<div class=\"elementor-field-type-tel elementor-field-group elementor-column elementor-field-group-kontakt_telefon elementor-col-100\">\n\t\t\t\t\t\t\t\t\t\t\t\t<label for=\"form-field-kontakt_telefon\" class=\"elementor-field-label\">\n\t\t\t\t\t\t\t\tIhre Telefon-Nummer\t\t\t\t\t\t\t<\/label>\n\t\t\t\t\t\t\t\t<input size=\"1\" type=\"tel\" name=\"form_fields[kontakt_telefon]\" id=\"form-field-kontakt_telefon\" class=\"elementor-field elementor-size-sm  elementor-field-textual\" pattern=\"[0-9()#&amp;+*-=.]+\" title=\"Nur Nummern oder Telefon-Zeichen (#, -, *, etc) werden akzeptiert.\">\n\n\t\t\t\t\t\t<\/div>\n\t\t\t\t\t\t\t\t<div class=\"elementor-field-type-text elementor-field-group elementor-column elementor-field-group-kontakt_betreff elementor-col-100\">\n\t\t\t\t\t\t\t\t\t\t\t\t<label for=\"form-field-kontakt_betreff\" class=\"elementor-field-label\">\n\t\t\t\t\t\t\t\tBetreff\t\t\t\t\t\t\t<\/label>\n\t\t\t\t\t\t\t\t\t\t\t\t\t\t<input size=\"1\" type=\"text\" name=\"form_fields[kontakt_betreff]\" id=\"form-field-kontakt_betreff\" class=\"elementor-field elementor-size-sm  elementor-field-textual\">\n\t\t\t\t\t\t\t\t\t\t\t<\/div>\n\t\t\t\t\t\t\t\t<div class=\"elementor-field-type-textarea elementor-field-group elementor-column elementor-field-group-kontakt_nachricht elementor-col-100\">\n\t\t\t\t\t\t\t\t\t\t\t\t<label for=\"form-field-kontakt_nachricht\" class=\"elementor-field-label\">\n\t\t\t\t\t\t\t\tIhre Nachricht\t\t\t\t\t\t\t<\/label>\n\t\t\t\t\t\t<textarea class=\"elementor-field-textual elementor-field  elementor-size-sm\" name=\"form_fields[kontakt_nachricht]\" id=\"form-field-kontakt_nachricht\" rows=\"4\"><\/textarea>\t\t\t\t<\/div>\n\t\t\t\t\t\t\t\t<div class=\"elementor-field-type-recaptcha_v3 elementor-field-group elementor-column elementor-field-group-field_f9d5c08 elementor-col-100 recaptcha_v3-bottomleft\">\n\t\t\t\t\t<div class=\"elementor-field\" id=\"form-field-field_f9d5c08\"><div class=\"elementor-g-recaptcha\" data-sitekey=\"6LfgRRAiAAAAAAN6ZRcsIkQWSmaMUIb3l_G3r9yL\" data-type=\"v3\" data-action=\"Form\" data-badge=\"bottomleft\" data-size=\"invisible\"><\/div><\/div>\t\t\t\t<\/div>\n\t\t\t\t\t\t\t\t<div class=\"elementor-field-group elementor-column elementor-field-type-submit elementor-col-100 e-form__buttons\">\n\t\t\t\t\t<button class=\"elementor-button elementor-size-sm\" type=\"submit\">\n\t\t\t\t\t\t<span class=\"elementor-button-content-wrapper\">\n\t\t\t\t\t\t\t\t\t\t\t\t\t\t\t\t\t\t\t\t\t\t<span class=\"elementor-button-text\">Senden<\/span>\n\t\t\t\t\t\t\t\t\t\t\t\t\t<\/span>\n\t\t\t\t\t<\/button>\n\t\t\t\t<\/div>\n\t\t\t<\/div>\n\t\t<\/form>\n\t\t\t\t\t\t<\/div>\n\t\t\t\t<\/div>\n\t\t\t\t<div class=\"elementor-element elementor-element-37c6b12 elementor-widget elementor-widget-text-editor\" data-id=\"37c6b12\" data-element_type=\"widget\" data-widget_type=\"text-editor.default\">\n\t\t\t\t<div class=\"elementor-widget-container\">\n\t\t\t\t\t\t\t\t\t<p><em>Hinweis: Durch die Kontaktaufnahme per Kontaktformular oder E-Mail entsteht kein Auftrag. Die Kommunikation \u00fcber E-Mail ist nicht vor \u00dcbergriffen Dritter gesch\u00fctzt. Die Ben\u00fctzung dieses Kommunikationsmittels erfolgt daher auf Ihr eigenes Risiko.<\/em><\/p>\t\t\t\t\t\t\t\t<\/div>\n\t\t\t\t<\/div>\n\t\t\t\t\t<\/div>\n\t\t<\/div>\n\t\t\t\t\t<\/div>\n\t\t<\/section>\n\t\t\t\t<\/div>\n\t\t","protected":false},"excerpt":{"rendered":"<p>Wir befinden uns inmitten der Basler KMUs im Wirtschaftspark Dreispitz.\u00a0Sie erreichen unsere B\u00fcros wie folgt: Zu Fuss \/ \u00d6ffentliche Verkehrsmittel Unsere R\u00e4umlichkeiten befinden sich in der N\u00e4he der Haltestelle Dreispitz [&hellip;]<\/p>\n","protected":false},"author":1,"featured_media":0,"parent":0,"menu_order":0,"comment_status":"closed","ping_status":"closed","template":"templates\/full-width-page.php","meta":{"footnotes":""},"class_list":["post-108","page","type-page","status-publish","hentry"],"aioseo_notices":[],"_links":{"self":[{"href":"https:\/\/www.lexterna.ch\/staging\/wp-json\/wp\/v2\/pages\/108","targetHints":{"allow":["GET"]}}],"collection":[{"href":"https:\/\/www.lexterna.ch\/staging\/wp-json\/wp\/v2\/pages"}],"about":[{"href":"https:\/\/www.lexterna.ch\/staging\/wp-json\/wp\/v2\/types\/page"}],"author":[{"embeddable":true,"href":"https:\/\/www.lexterna.ch\/staging\/wp-json\/wp\/v2\/users\/1"}],"replies":[{"embeddable":true,"href":"https:\/\/www.lexterna.ch\/staging\/wp-json\/wp\/v2\/comments?post=108"}],"version-history":[{"count":89,"href":"https:\/\/www.lexterna.ch\/staging\/wp-json\/wp\/v2\/pages\/108\/revisions"}],"predecessor-version":[{"id":5218,"href":"https:\/\/www.lexterna.ch\/staging\/wp-json\/wp\/v2\/pages\/108\/revisions\/5218"}],"wp:attachment":[{"href":"https:\/\/www.lexterna.ch\/staging\/wp-json\/wp\/v2\/media?parent=108"}],"curies":[{"name":"wp","href":"https:\/\/api.w.org\/{rel}","templated":true}]}}